(f) = -1 + 3*f**2 + f - 2*f**2 - f. Let w(t) = -14*t**2 + t + 5. Suppose 0*m - 17 = -m + 4*p, 3*m + 4*p = -13. Let z(o) = m*w(o) + 4*s(o). Give z(-1).
-10
Let m(z) be the first derivative of z**2/2 + 2*z - 5. Give m(-4).
-2
Let z(k) be the second derivative of 0 - 1/3*k**3 + k - 2*k**2. Let n be (0 - -2)/((-2)/3). What is z(n)?
2
Let m(h) be the second derivative of -h**5/20 - h**4/12 - h**3/6 - h**2/2 - 30*h. Determine m(0).
-1
Let n(w) be the third derivative of -w**4/24 - 4*w**3/3 + 2*w**2. Let q = -5 - 0. What is n(q)?
-3
Let a(y) = 6*y**3 + y**2 - 1. Let z be 22/(-18) + (-10)/(-45). Calculate a(z).
-6
Let u(n) = 86 - n**2 - 173 + n + 79. Determine u(0).
-8
Let n(v) be the second derivative of -v**6/120 + v**5/20 + v**4/12 + v**3/3 + v**2/2 - 4*v. Let o(m) be the first derivative of n(m). Determine o(3).
8
Let y(n) be the third derivative of -n**4/24 + n**3 - 9*n**2. Give y(7).
-1
Let d be (4 + -7)*-1*1. Suppose -t + d*t = 8. Suppose -2*s = -4*s + t. Let p(l) = -l**3 + 2*l**2 - l + 1. Calculate p(s).
-1
Let r(m) = -4 + 0*m - 2 + 2*m. Let s be (-2)/(-1) + (2 - 3). Suppose -n - 4 = 0, 4 = 3*g + 3*n + s. Give r(g).
4
Let p(r) = -r + 1. Let h(o) = -o + 1. Let z(g) = -h(g) + 2*p(g). Suppose 3*k - 5*k + 10 = 0. Give z(k).
-4
Let q = -1 + 3. Let h(g) = -g**2 - 8*g - 13. Let u be h(-5). Let y(n) = -n - 3 - n**3 - n + u - 2*n**q. Calculate y(-1).
0
Let j(w) = -2*w + 4. Let r be ((-3)/2)/(5/(-10)). Determine j(r).
-2
Let o(k) = -k**2 - 5*k - 6. Let h be (15/10)/(6/80). Suppose d + h = -3*d + w, 5*w = 20. Calculate o(d).
-2
Let d(q) = 3*q**3 + 2*q**2 + 2*q + 1. Let g = 9 + -10. What is d(g)?
-2
Let t(y) be the third derivative of y**5/30 - y**4/12 - y**3/6 + 5*y**2. Give t(2).
3
Let m(l) = -l**3 + 5*l**2 - 3*l + 5. Let z be 134/8 + 8/32. Let f = z + -12. Determine m(f).
-10
Let k(l) = 6*l**3 + 4*l**3 - 2*l**2 - 7*l**3 + 1 + 2*l - 2*l**3. Determine k(3).
16
Suppose 0 = -f - 0*f + 1. Let x be -2*(f - (-2)/(-4)). Let y(w) = -14*w**2 - 2*w + 1. Let h(k) = 41*k**2 + 5*k - 3. Let t(i) = 3*h(i) + 8*y(i). Calculate t(x).
11
Let p = -20 - -20. Let a(l) = l + 10. Calculate a(p).
10
Let k(l) = l + 8. Suppose -4*p = 20, 3*d - 23 = 4*p - 3. Suppose 2*y - 19 = 5*a, d = -2*a + 3*y + 2 - 3. Determine k(a).
3
Let h(s) be the second derivative of s**5/120 - s**4/24 - s**3/2 - 7*s. Let r(x) be the second derivative of h(x). Suppose -2*y - 4 = -0*y. What is r(y)?
-3
Suppose 8*h - 4*h = -4. Let k(l) = 5*l**2 - l. Determine k(h).
6
Suppose 0 = -w + n - 1, 3*w + 3 = -3*n - 0. Let c(s) = 2*s**2 + s + 1. Determine c(w).
2
Let y(t) = t**3 + t**2 + 7. Let f = -7 - -9. Suppose -f*z = -0*z. Determine y(z).
7
Let a(f) be the second derivative of f**3 + 3*f**2 - f. Let l(b) = b + 1. Let h(m) = -2*a(m) + 11*l(m). What is h(-6)?
5
Let h(z) = -5*z**2 + z**3 + 7*z**2 - 4*z - 4*z**2 + 3*z - 2. What is h(3)?
4
Let s = -9 - -12. Let p = -5 + s. Let f(z) = z. Let j(c) = -5*c - 3. Let y(o) = 2*f(o) + j(o). Give y(p).
3
Suppose -11 = 5*i + 4*r, -5*i - 15 = 4*r + r. Let d(u) = 8*u + 1. Give d(i).
9
Let h(q) = -q - 7 + 3*q + 9 - 5. Determine h(4).
5
Let f(j) = -5*j + 6. Let a(n) = 7*n - 7. Let v(b) = -2*a(b) - 3*f(b). What is v(4)?
0
Let v be 3*(-8)/(-12) - (4 + -1). Let i(n) = -8*n + 1. Determine i(v).
9
Let x(c) = c**2 + 4*c. Let p(b) = 3*b + 8. Let u be (-51)/12 - 2/(-8). Let k be p(u). Give x(k).
0
Let b(k) = 3*k**3 + 7*k**2 + 5*k - 3. Let t(n) = 13*n**3 + 29*n**2 + 21*n - 13. Let z(c) = c + 5. Let q be z(-3). Let m(h) = q*t(h) - 9*b(h). What is m(-3)?
-8
Let v(d) = -3 - 6*d + 5*d - 3*d. What is v(-2)?
5
Let d(r) = -r**2 + 5*r - 2. Let w be d(5). Let g(m) = 2 + 4*m**3 + m**2 - m + m**3 - 3*m**3 - m**3. Let u be g(w). Let j(x) = -x**3 - x**2 - 6. What is j(u)?
-6
Let p(v) be the first derivative of -3 + 1/2*v**2 + 0*v. What is p(3)?
3
Let w(g) = 2*g**2 - 7*g + 5. Let f = -5 + 9. Determine w(f).
9
Let w = 1 + 0. Let z(l) = 2*l - l + w + 2 - 2*l. Determine z(-3).
6
Let z = -9 + 4. Let b be 81/(-15) + (-2)/z. Let l(y) = -y**3 - 4*y**2 + 6*y + 4. Give l(b).
-1
Let m(u) = 5*u + 2 + u**2 + 4 - 2*u. Give m(-4).
10
Suppose 2*w + 2 = 2*z - 0*z, -3*z + 3 = -2*w. Let o(f) = 5*f**3 - 2*f**2 + f. Determine o(z).
4
Let x(u) be the third derivative of -1/3*u**3 + 1/12*u**4 + 0 + 4*u**2 + 0*u. What is x(2)?
2
Let q be (-102)/170 + (4/5)/(-2). Let b(w) = -19*w**2 + 1. What is b(q)?
-18
Let j(t) = t**3 + 3*t**2 + 8*t - 1. Let q(r) = r - 1. Let m(w) = j(w) - 5*q(w). What is m(-3)?
-5
Let b(n) be the second derivative of -n**3/6 - n**2 - 2*n. Let t be b(-7). Let u(h) = h + 3. Determine u(t).
8
Let u(o) = -o**3 - 3*o**2 + o - 2. Let m be u(-3). Let z(n) be the third derivative of 0*n - 1/4*n**4 - n**2 + 0 - 1/60*n**5 - 7/6*n**3. Determine z(m).
-2
Let q(y) = -3*y - 2. Let r be q(-1). Let u(x) = 5*x**2. Give u(r).
5
Suppose 4*j + 3*p = -2 + 5, 2*p = -6. Let u = j + -3. Let d(x) = -1 + 0 + u - 3*x**2 + x. What is d(1)?
-3
Let i(v) = -v**3 - 4*v**2 - 4*v - 2. Let b be (-1)/(2/(-17 - 1)). Suppose 5*a = 1 + b. Suppose -a*r + 0*r = 4. Calculate i(r).
-2
Let l(w) = -w**3 - w**2 + 3. Let h(u) = u**3 + u - 2. Let f(r) = 3*h(r) + 2*l(r). Give f(2).
6
Let o(u) = -5*u**2 + u. Let n be o(-1). Let s(l) = l + 1. Let y(k) = k**2 - 12*k - 2. Let p(z) = n*s(z) - y(z). Give p(5).
1
Let k(b) be the first derivative of 1/2*b**2 + 5/3*b**3 + 3 + 1/4*b**4 - 5*b. Calculate k(-4).
7
Suppose 4*j = j + 6. Let v(d) = 3*d**2 - 2*d + 0*d**j + 5*d**3 + 1 - 4*d**3. Let c(y) = y**2 - 12*y + 16. Let l be c(10). Give v(l).
-7
Suppose 153*g + 9 = 150*g. Let i(y) = y**3 + 3*y**2 - y - 4. What is i(g)?
-1
Let t(k) = 21*k**2 + 5*k - 8. Suppose -3*g + 4 = -5. Let z(d) = 7*d**2 + 2*d - 3. Let p(s) = g*t(s) - 8*z(s). What is p(1)?
6
Let q = 6 + -3. Let f be 1/((-2)/((-8)/2)). Suppose 4 = -f*z + 2*w + 3*w, 6 = -q*z + 2*w. Let v(l) = 2*l + 2. What is v(z)?
-2
Let g be 3/(-4) + (-55)/(-20). Let b(m) = -11 - 4*m - m**g - 3*m + 7. Calculate b(-5).
6
Let q be -1 + (1 + 0)/(-1). Let g(h) = -2*h - 1. Let l be g(q). Let k(o) = -o**2 + 0*o**3 - o**2 + 3*o + 0*o**3 + 2 - o**l. What is k(-3)?
2
Let v be (-1)/((6/(-9))/2). Let n(y) = 1 + 1 - v - 3*y + 2*y. Give n(2).
-3
Let s(i) = -i**3 + 7*i**2 - 7*i. Let d(j) = 1 - j**2 - j - 1 + 8 - 2. Let c be d(0). What is s(c)?
-6
Let f be (4/(-10))/((-1)/5). Let x(s) be the first derivative of f - s - 1/2*s**2. Give x(-1).
0
Let n(r) = 0 + 0 - r**2. Suppose -5*a + 19 = -3*i, -3 - 7 = 2*i - 2*a. Let l = i + 3. Give n(l).
0
Let f(p) = -6*p + 2. Let v(l) = -l - 4*l - l**2 - 3 - 1. Let m be v(-3). Determine f(m).
-10
Let w(l) = -l - 8. Suppose 3*r - r - 19 = m, 3*m - 3 = 0. Let j be (-62)/r - (-1)/5. Determine w(j).
-2
Let j(k) = -k**2 + 5*k - 5. Let u = 72 + -68. Calculate j(u).
-1
Let h(b) = -8*b**3 - 2*b**2 - 1 + 0*b**3 + 2*b - 2*b**3. Let o(k) = 0*k + 5*k - k**2 + 4*k**2 - 2*k**2 + 5. Let l be o(-4). Determine h(l).
-11
Let r(y) = -5*y - 2. Suppose 0 = -7*g + 10*g + 9. Calculate r(g).
13
Let w be 2/1 + -3 + 2. Let p(j) = -7*j - w + 4*j + 2*j. Let z be 2/(-5) - 81/(-15). Give p(z).
-6
Let q(u) = u**3 + 4*u**2 - 6*u + 2. Suppose 4 = -i - 1. Calculate q(i).
7
Let u(h) = h - 1. Let k(s) = -8*s**2 + 3*s - 4. Let t(x) = k(x) - 5*u(x). Give t(1).
-9
Let g(f) = f**3 - f**2 + f - 1. Suppose 0*v = -4*v + 24. Let o be (10/v)/(1/3). Suppose -3*s - 2*s = -o. What is g(s)?
0
Suppose -2*m + 0*g - 9 = -g, -7 = 3*m + 5*g. Let j(h) = -4*h**3 - 4*h**2 - h - 4. Let c(p) = 3*p**3 + 4*p**2 + p + 4. Let a(r) = -3*c(r) - 2*j(r). Give a(m).
0
Let w(a) = -a**2 + 2*a - 1. Let q(k) = -k**3 - 9*k**2 - 8*k + 3. Let m be q(-8). What is w(m)?
-4
Let o(c) = c**3 - 5*c**2 + 7*c - 4. Let r = -9 + 6. Let t = 5 + r. Suppose -3*z + 2*w = -5 - 15, t*w = 4*z - 24. What is o(z)?
8
Let k(i) = i - 1. Let s(g) = -g**2 + 6*g - 3. Let h be s(4). Suppose -2*d - 2 = h*j + 15, 2*d + 2 = -2*j. Suppose -m = -2*m - d. What is k(m)?
-5
Let d(f) = -f**3 - f**2 + 8 - 8 + 4*f. Let y = 3 + -6. Calculate d(y).
6
Let s(m) = m**2 + 7*m + 7. Let x(f) be the first derivative of f**4/4 + 3*f**3 - 5*f**2 - 6*f + 3. Let t be x(-10). What is s(t)?
1
Let x(l) = l + 7. Suppose 5*r = 5*h + 60, -5*r - 3 + 28 = 0. Calculate x(h).
0
Let u(a) = a**3 + 4*a**2 - 5*a + 5. Let i be u(-5). Let d(h) = 1 - 5*h - 4*h + i*h. What is d(1)?
-3
Let y be (4/(-12))/(1/(-12)). Suppose -y = -w, 3*p + 0*w =